 8*a + 1. Let z(g) = -g**3 - 5*g**2 - 3*g. Let y(w) = 2*s(w) + 7*z(w). Determine y(4).
-2
Suppose j + 2*q + 0*q = 13, q = -4*j + 17. Let m(w) = 4*w - 1. Calculate m(j).
11
Let n be 2*1 - (-18)/(-2). Let b(p) = 35*p - 8 + 43*p + 37*p - 116*p. Determine b(n).
-1
Let t(m) = m + 2. Suppose 2*g - 6 = -0. What is t(g)?
5
Let s be 4 - 2 - 0/(-2). Let k(f) be the third derivative of 0*f**3 - 1/30*f**6 + 1/24*f**4 + 1/30*f**5 + 0*f + 0 - f**s. Calculate k(-1).
5
Suppose 0*s + 21 = 3*s. Let i be (s/3 - 2)*-3. Let a(l) be the third derivative of l**5/12 + l**4/24 - 9*l**2. What is a(i)?
4
Suppose 2*b + i - 1 = -0*i, -10 = -5*b + 5*i. Suppose -2*m + 0*m + 14 = 0. Let p(f) = 0 - b + m*f**2 - 2*f**2. Determine p(1).
4
Let a(q) = 7*q + 23. Let m(t) = -3*t - 11. Let s(h) = 4*a(h) + 9*m(h). What is s(6)?
-1
Let w be 16/10*(0 - -5). Let z(s) = -2*s**3 - 13*s**2 + 7*s**2 + 3*s + w + s**3. What is z(-6)?
-10
Let f(r) be the third derivative of -r**4/24 + 3*r**3/2 - 2*r**2. Let t be 20/(-6)*6/(-5). Suppose t*y = 3*y + 5. Give f(y).
4
Let k(t) = t. Suppose -5*x + 6 = -4*x. Let w = x - 2. Suppose -3*u - 4*i + 5*i = -8, 0 = u - w*i + 1. What is k(u)?
3
Let l(c) = 9*c**3 + 3*c**2 - c + 3. Let p(s) = 5*s**3 + s**2 + 1. Let w(d) = 4*l(d) - 7*p(d). Determine w(-6).
-7
Let f(u) be the third derivative of -u**6/24 - u**4/12 + u**3/6 - u**2 + 23*u. Let i = 0 - -1. Determine f(i).
-6
Suppose 5*f = 4*d - 22 + 5, 4*f = -2*d + 2. Let y be ((-1)/(-2))/((-2)/(-12)). Let v = y + f. Let o(u) = -u**3 + u**2 - 2. What is o(v)?
-6
Let k(q) = 3*q**2 - 1. Suppose -3 = 3*g + 3. Calculate k(g).
11
Let t = 42 - 42. Let x(u) be the second derivative of t + 1/2*u**2 - 2*u + 1/3*u**3. Determine x(4).
9
Suppose -l + 1 = -4. Suppose 2*k = -2*c - 4 - 6, 5*c - 5 = l*k. Let z(b) = -1 + b - 3 + 1 - 3*b. Determine z(c).
1
Let l be ((-20)/6)/((-1)/3). Suppose 4*j = 2*s - l, -4*s - 13 = 5*j - 2*j. Let n = 3 - s. Let m(t) = t**3 - 5*t**2 + 4*t + 3. Determine m(n).
3
Let u(t) be the first derivative of -t**2 + 4*t + 30. What is u(-6)?
16
Let j(g) = 4*g - 3. Let d(w) = 3*w - 2. Let p(z) = 3*d(z) - 2*j(z). Give p(1).
1
Suppose n - 2 = 1. Let f(k) = k**3 - 9*k**2 + 7*k + 11. Let z be f(8). Let r(b) = z + b + b + 2 - 6. Calculate r(n).
5
Let l(i) = i - 10*i - i**2 + 23 - i**3 + 8*i. What is l(0)?
23
Let b(t) = -6*t + t**3 + 3*t**2 - t - 5 + 0. What is b(-4)?
7
Let b(w) = -39*w + 1 + 19*w + 21*w. What is b(-6)?
-5
Suppose -b - 2 = -2*p, -2*p + 3*b = p - 9. Let t = p - 4. Let m = -1 - t. Let z(y) = y**3 - 4*y**2 - y - 3. Give z(m).
-7
Let v(y) = y - 5. Let p be -8 - (0 - 0 - 3). Let o = 0 - p. Suppose 2*x - 5 = 2*g + x, o*x = -25. What is v(g)?
-10
Suppose 15*w = w - 70. Let h(u) = u**2 + u - 7. What is h(w)?
13
Let a(q) = 8*q**2. Let i be a(1). Suppose 2*r + f + i = 0, 3*r - f = 2*f - 12. Let m be (-6)/r - 5/10. Let l(j) = j**2 - 2*j + 1. Determine l(m).
0
Let b(v) be the second derivative of 19*v**3/6 - v**2/2 - v - 10. Determine b(-1).
-20
Let g(y) = y**3 + 4*y**2 - y. Let z be g(-3). Let o(i) = i**2 - 13*i - 5 + 5*i + z. What is o(6)?
-5
Let f(t) = -t. Let p(j) = -3*j + 9. Let c(g) = -f(g) + p(g). Determine c(7).
-5
Let j(u) = -4*u - 1. Let s(r) = -1. Let q(m) = j(m) + 2*s(m). Calculate q(3).
-15
Let c(j) = 5*j + 10. Let t(u) = -3*u - 7. Let l(p) = -5*c(p) - 8*t(p). What is l(7)?
-1
Let a(w) = 4*w - 3. Let q be (-2)/8 - 65/(-20). Give a(q).
9
Let s be (0 - -1)/1 + 3. Suppose -8 = r - s. Let v(d) = -d**2 - 4*d. Give v(r).
0
Let u(x) = x + 1. Let r be u(10). Let l(q) = -q**2 - 2*q + 0*q - 7 + r - q. Give l(-3).
4
Suppose -4*w + 11*w = -56. Let n(q) = q + 3. What is n(w)?
-5
Suppose w + w + 2*m = 8, -m + 1 = 0. Let b(x) = -w*x - x + 7*x. Give b(1).
3
Let f(m) = -2*m - 2 - 3*m + 6*m. Calculate f(-2).
-4
Suppose -g + 11 = 3*g - 3*a, 5*g + 4*a = 6. Let h(j) = -1 + g*j**2 - j + 0 + 2*j. Suppose 2*p = -0*p - 4. What is h(p)?
5
Let v(j) = -12*j**3 + 4*j**2 + 2*j - 5. Let p(k) = -25*k**3 + 9*k**2 + 4*k - 11. Let z(b) = -4*p(b) + 9*v(b). Calculate z(1).
-7
Let t(i) = -i**3 + i**2 - i. Let n be t(0). Let o(s) be the first derivative of -1/3*s**3 + 2 + n*s**2 + s. What is o(1)?
0
Let p(u) = -2*u + 16. Let j be p(7). Let s(x) = x**3 - 2*x**2 + 2. Let m(y) = 3*y**3 - 5*y**2 + 3. Let i(g) = j*m(g) - 5*s(g). Calculate i(0).
-4
Let n(b) be the second derivative of -b**3/3 + b**2 - 19*b. Determine n(4).
-6
Let x = -66 + 397/6. Let w(o) be the second derivative of 3*o + 0 - x*o**3 + 0*o**2 + 7/12*o**4. Calculate w(1).
6
Let y(a) = -2*a**3 + a + 1. Let j be y(-1). Let t(u) = -u**2 + 5*u + 2*u**j + 1 - 8. Give t(-6).
-1
Suppose 3*l + 32 = -l. Let s be (-2)/l - 22/(-8). Let d(c) = -2 - 5*c**2 + s*c**2 + 5*c - 2*c**2 + 3*c**2. What is d(4)?
2
Suppose -7*j - 42 = -j. Let y(w) = -2*w. Determine y(j).
14
Let n(b) be the first derivative of -b**5/120 + b**3/3 + 1. Let m(h) be the third derivative of n(h). Give m(4).
-4
Let y(b) = -b**3 + 5*b**2 + b - 5. Let f(o) = 6*o - 1. Let u be f(1). Let c be 19/4 + u/20. Calculate y(c).
0
Suppose -21 = 5*m - 56. Let v(q) = -16 - q**2 + 7*q + 8 + m. Suppose -17 = -2*k - 0*n + 5*n, n = -1. What is v(k)?
5
Let v(z) = 5*z**3 - 2 - 2*z + 6 - 2*z**2 - 4*z**3. Suppose -2*f + 9 = -3*q, -2*q = f + 2*q - 10. Suppose -u + f = u. Determine v(u).
7
Let m(h) = -1 + h + 0 - 9. Determine m(0).
-10
Let a = 4 + -1. Suppose 2*c = 4*t - 16, 15 = -a*t - 5*c + 40. Suppose -3*z - t*j = 9, z + j = -0*j - 1. Let v(n) = -n**2 + 4*n - 3. What is v(z)?
1
Let v(f) = 3*f**2 - 12*f - 2. Let u(z) = 7*z + 25*z - 5*z**2 - 9*z + 5. Let c(y) = -4*u(y) - 7*v(y). Give c(-6).
6
Let x(i) = -i**3 - 2*i**2 - 4*i. Let f = 42 - 45. Give x(f).
21
Suppose 6 = -2*o - 2. Let w(c) = 11*c**3 + 12*c**2 - 14*c - 7. Let m(k) = -4*k**3 - 4*k**2 + 5*k + 2. Let z(a) = 8*m(a) + 3*w(a). Calculate z(o).
3
Let q(k) be the second derivative of k**6/144 + k**5/120 - k**4/6 - 6*k. Let s(o) be the third derivative of q(o). Calculate s(-1).
-4
Suppose 2*k = -k - 2*q - 10, 4*q = -4*k - 20. Suppose 0*v - v = k, -4*a + v = 0. Suppose a = -o + 1. Let j(n) = -6*n. Determine j(o).
-6
Let z = 4 - 2. Suppose -5 = z*c - 3*c. Let f(n) = 5*n**3 - 8*n**2 - 9*n + 3. Let r(o) = 6*o**3 - 9*o**2 - 10*o + 3. Let u(y) = 5*f(y) - 4*r(y). Give u(c).
3
Let f(j) = -2*j**2 - 40*j - 7. Let w be f(-20). Let r(h) = h**3 + 8*h**2 + 8*h - 1. What is r(w)?
-8
Let p(g) be the second derivative of -1/2*g**2 + g + 1/6*g**3 + 0. Determine p(2).
1
Let a(b) = b**3 - 3. Let f be 11 + 1/((-2)/4). Let i be ((-15)/f)/((-1)/3). Suppose 0 = i*u - d - d, d = -u. Calculate a(u).
-3
Let i = 14 + -9. Let g(m) = 2*m - i*m**2 + 4 - 2 + 0*m**2. Give g(2).
-14
Let b = 767 - 767. Let f(q) = q - q - q + 0. What is f(b)?
0
Let j(h) be the third derivative of -h**5/60 + h**3/3 - h**2 + 18. What is j(-5)?
-23
Let i(v) = -v**2 - 3*v + 3. Let j = -28 - -25. Calculate i(j).
3
Let l(h) = h - 1. Let c(s) = 5*s - 5. Let z(g) = -c(g) + 4*l(g). Determine z(-6).
7
Let v(p) = p + 2. Let b(s) = -2*s + 2 + 4*s - 4*s**2 + 0 + 0 - s**3. Let j be b(-4). Calculate v(j).
-4
Let s(k) = k. Let b be 117/36 + 1/(-4). Determine s(b).
3
Let j(m) be the third derivative of -m**4/12 + 3*m**3/2 + m**2. Let w = 83 + -76. Calculate j(w).
-5
Let x(f) = -f - 3. Let k(p) be the second derivative of -3*p**3 - p**2/2 - 3*p. Let c be k(-1). Let v be 2/8 + c/(-4). What is x(v)?
1
Let u(j) = -17*j**2 + 11*j**2 - 7 + 7*j**2 + 6*j. Determine u(-6).
-7
Suppose -6 = -w - 1. Let n be (-1 - 0)*-1 - w. Let d(j) = -j**2 - 3*j - 5. What is d(n)?
-9
Let f(s) be the third derivative of s**5/30 - s**4/12 - s**3/6 - 2*s**2. Let g be f(2). Let n(j) = 1 - 3*j + g*j**3 + j**3 - 2*j**2 - 3*j**3. Calculate n(3).
1
Let b(c) = c**3 - c**2 + c + 1. Let k(r) = -4*r**3 + r**2 - 8*r - 11. Let o(m) = 5*b(m) + k(m). Let s(d) = -5*d**3 - d**2 + 1. Let x be s(-1). Determine o(x).
4
Let g(z) = -8*z - 3. Let b(p) = 7*p + 2. Let i(j) = 4*b(j) + 3*g(j). Determine i(-1).
-5
Suppose -5*f + 9 = -2*f. Let k be 8/1 - f - 1. Suppose 2*j - 8 = 5*i, -6*j - 8 = 3*i - k*j. Let w(c) = c + 2. What is w(i)?
0
Let d(u) = -5*u**3 + 2*u**2 - 2*u + 2. Let p(v) = -14*v**3 + 6*v**2 - 5*v + 6. Let z(b) = -8*d(b) + 3*p(b). Let f = -2 + 4. Give z(f).
-4
Let l(h) = -2*h**2 - 26*h - 21. Let f(k) = -k**2 - 17*k - 14. Let m(q) = -8*f(q) + 5*l(q). What is m(5)?
-13
Let j(k) be the second derivative 